{"id":2115,"date":"2022-09-30T09:51:37","date_gmt":"2022-09-30T08:51:37","guid":{"rendered":"https:\/\/www.groupe-archimbaud.com\/vocazione\/"},"modified":"2023-01-23T14:09:12","modified_gmt":"2023-01-23T13:09:12","slug":"vocazione","status":"publish","type":"page","link":"https:\/\/www.groupe-archimbaud.com\/it\/vocazione\/","title":{"rendered":"Vocazione"},"content":{"rendered":"\n\n\t\t\t\t<img decoding=\"async\" src=\"https:\/\/www.groupe-archimbaud.com\/wp-content\/uploads\/2021\/02\/tron-arbre.jpg\" alt=\"tron-arbre\" itemprop=\"image\" height=\"933\" width=\"700\" title=\"tron-arbre\" onerror=\"this.style.display='none'\"  \/>\n\t<p>MISSIONE ECONOMICA DAL FONDO<\/p>\n<p>Il Fondo Archimbaud pour l&#8217;Homme et la For\u00eat e una delle prime fondazioni di azionisti francesi. Proprietaria dal 10% del gruppo Archimbaud in 2016, poseda oggi 25% e diventar\u00e0, a termine, su azionista maggiore \u00e0 pi\u00f9 dal 70%.<\/p>\n\t<p>Protezione dall&#8217;impresa<\/p>\n<p>Grazie a un azionista stabile e di lungo periodo &#8211; un fondo di dotazione non pu\u00f2 essere riscattato &#8211; il <a href=\"https:\/\/www.fonds-archimbaud.org\/\" target=\"_blank\" rel=\"noopener\">Fondo Archimbaud<\/a> conttribuisce alla sostenibilit\u00e0 dell&#8217;impresa.<\/p>\n<p>Governanza<\/p>\n<p>Come azionista maggiore, il fondo \u00e8 direttamente associato alla governanza dell&#8217;impresa e diventar\u00e0 inevitable nel processo decisionale strategico.<\/p>\n<p>Valori<\/p>\n<p>Ricevendo titoli dell&#8217;impresa in un modo irrevocabile e inalienabile, il fondo di dotazione diventa nel tempo, il custode dei valori fondatrici e del modello di sviluppo responsabile.<\/p>\n\t<p>Missione filantropica dal fondo\u00a0<\/p>\n<p>Il Fondo Archimbaud da al suo impiegamento filantropico una dimensione d&#8217;innovazione locale e di co-costruzione, con un duplice scopo d&#8217;impatto sociale e ambientale.<\/p>\n<p>Grazie ai dividendi ricevuti dalla societ\u00e0 di cui \u00e8 azionista, e a ogni forma di reddito possibile, (mecenatismo aziendale, donazioni\/lasciti di appezzamenti, donazioni\/lasciti di titoli d&#8217;altre imprese, &#8230;), sostiene progetti di interesse generale.<\/p>\n\t\t\t<a href=\"https:\/\/www.groupe-archimbaud.com\/it\/progetti\/\" target=\"_self\" role=\"button\" rel=\"noopener\">\n\t\t\t\t\t\t\tSCOPRIRE I PROGETTI\n\t\t\t\t\t<\/a>\n\tIntrecciare e sviluppare legami durabili tra l&#8217;umano, gli alberi e la foresta, a livello locale, nazionale e persino internazionale.<br \/>\n\n\tAccompagnare le iniziative di interesse generale che rafforzano il legame tra l&#8217;umano, l&#8217;albero e il loro ambiente.<br \/>\n\n\tFavorire l&#8217;emergere di nuovi modelli di preservazione e d&#8217;integrazione delle risorse silvicolturale, forestali e agroforestali.<br \/>\n\n\t<p>CHE COS&#8217;\u00c8 UN FONDO DI DOTAZIONE?<\/p>\n<p><em>\u00ab Un fondo di dotazione e un soggetto giuridico di diritto privato, senza scopo di lucro, che riceve e gestisce, capitalizzandoli, beni, diritti di qualsiasi forma che gli sono conferiti gratuitamente e irrevocabilmente, e utilizza i redditi della capitalizzazione per realizzare una opera o una missione d&#8217;interesse generale&#8221;<\/em> (Legge sulla modernizzazione dell&#8217;Economia, agosto 2008).<\/p>\n\t<p>CHE COS&#8217;\u00c9 UNA FONDAZIONE AZIONISTA?<\/p>\n<p>Fondazione o struttura assimilata che detiene in tutto o in parte il capitale e il diritto al voto di una impresa commerciale. Questo nome generico si traduce secondo i paesi da diversi possibili stati giuridici (fondazione, FRUP: Fondazione Riconosciuta d&#8217;Utilit\u00e0 Pubblica, fondo di dotazione, fondo di sostenibilit\u00e0). La fondazione azionista riempe nello stesso tempo una missione economica (variabile secondo le resonsabilit\u00e0 che gli sono assegnate) e una missione filantropica finanziata principalmente dai dividendi della societ\u00e0 di cui detiene il capitale.<\/p>\n\t<p><strong>SCOPRITE LA DINAMICA EUROPEA A FAVORE DELLE FONDAZIONI AZIONISTI :<\/strong><\/p>\n\t\t\t\t<a href=\"https:\/\/prophil.eu\/de-facto\/\" target=\"_blank\" rel=\"noopener\" itemprop=\"url\">\n\t\t\t\t<img decoding=\"async\" src=\"https:\/\/www.groupe-archimbaud.com\/wp-content\/uploads\/2021\/01\/defacto.png\" alt=\"defacto\" itemprop=\"image\" height=\"149\" width=\"339\" title=\"defacto\" onerror=\"this.style.display='none'\"  \/>\n\t\t\t\t<\/a>\n\t\t\t<a href=\"https:\/\/www.groupe-archimbaud.com\/contacter-le-fond\/\" target=\"_self\" role=\"button\" rel=\"noopener\">\n\t\t\t\t\t\t\tContattare il fondo Archimbaud\n\t\t\t\t\t<\/a>\n\t<iframe allowfullscreen allow=\"autoplay\" data-src=\"https:\/\/www.youtube.com\/embed\/fkprlAe0Dek?feature=oembed&amp;start&amp;end&amp;wmode=opaque&amp;loop=0&amp;controls=1&amp;mute=0&amp;rel=0&amp;modestbranding=0\"><\/iframe>\t\t\n\t\t\t\t\tPlay Video\n\n","protected":false},"excerpt":{"rendered":"<p>MISSIONE ECONOMICA DAL FONDO Il Fondo Archimbaud pour l&#8217;Homme et la For\u00eat e una delle prime fondazioni di azionisti francesi. Proprietaria dal 10% del gruppo Archimbaud in 2016, poseda oggi 25% e diventar\u00e0, a termine, su azionista maggiore \u00e0 pi\u00f9 dal 70%. Protezione dall&#8217;impresa Grazie a un azionista stabile e di lungo periodo &#8211; un [&hellip;]<\/p>\n","protected":false},"author":1,"featured_media":1641,"parent":0,"menu_order":0,"comment_status":"closed","ping_status":"closed","template":"","meta":{"_acf_changed":false,"footnotes":""},"class_list":["post-2115","page","type-page","status-publish","has-post-thumbnail","hentry"],"acf":[],"yoast_head":"<!-- This site is optimized with the Yoast SEO plugin v27.5 - https:\/\/yoast.com\/product\/yoast-seo-wordpress\/ -->\n<title>Vocazione - Archimbaud<\/title>\n<meta name=\"robots\" content=\"index, follow, max-snippet:-1, max-image-preview:large, max-video-preview:-1\" \/>\n<link rel=\"canonical\" href=\"https:\/\/www.groupe-archimbaud.com\/it\/vocazione\/\" \/>\n<meta property=\"og:locale\" content=\"it_IT\" \/>\n<meta property=\"og:type\" content=\"article\" \/>\n<meta property=\"og:title\" content=\"Vocazione - Archimbaud\" \/>\n<meta property=\"og:description\" content=\"MISSIONE ECONOMICA DAL FONDO Il Fondo Archimbaud pour l&#8217;Homme et la For\u00eat e una delle prime fondazioni di azionisti francesi. Proprietaria dal 10% del gruppo Archimbaud in 2016, poseda oggi 25% e diventar\u00e0, a termine, su azionista maggiore \u00e0 pi\u00f9 dal 70%. Protezione dall&#8217;impresa Grazie a un azionista stabile e di lungo periodo &#8211; un [&hellip;]\" \/>\n<meta property=\"og:url\" content=\"https:\/\/www.groupe-archimbaud.com\/it\/vocazione\/\" \/>\n<meta property=\"og:site_name\" content=\"Archimbaud\" \/>\n<meta property=\"article:modified_time\" content=\"2023-01-23T13:09:12+00:00\" \/>\n<meta property=\"og:image\" content=\"https:\/\/www.groupe-archimbaud.com\/wp-content\/uploads\/2021\/01\/fonds-archimbaud.jpg\" \/>\n\t<meta property=\"og:image:width\" content=\"730\" \/>\n\t<meta property=\"og:image:height\" content=\"730\" \/>\n\t<meta property=\"og:image:type\" content=\"image\/jpeg\" \/>\n<meta name=\"twitter:card\" content=\"summary_large_image\" \/>\n<script type=\"application\/ld+json\" class=\"yoast-schema-graph\">{\"@context\":\"https:\\\/\\\/schema.org\",\"@graph\":[{\"@type\":\"WebPage\",\"@id\":\"https:\\\/\\\/www.groupe-archimbaud.com\\\/it\\\/vocazione\\\/\",\"url\":\"https:\\\/\\\/www.groupe-archimbaud.com\\\/it\\\/vocazione\\\/\",\"name\":\"Vocazione - Archimbaud\",\"isPartOf\":{\"@id\":\"https:\\\/\\\/www.groupe-archimbaud.com\\\/it\\\/#website\"},\"primaryImageOfPage\":{\"@id\":\"https:\\\/\\\/www.groupe-archimbaud.com\\\/it\\\/vocazione\\\/#primaryimage\"},\"image\":{\"@id\":\"https:\\\/\\\/www.groupe-archimbaud.com\\\/it\\\/vocazione\\\/#primaryimage\"},\"thumbnailUrl\":\"https:\\\/\\\/www.groupe-archimbaud.com\\\/wp-content\\\/uploads\\\/2021\\\/01\\\/fonds-archimbaud.jpg\",\"datePublished\":\"2022-09-30T08:51:37+00:00\",\"dateModified\":\"2023-01-23T13:09:12+00:00\",\"breadcrumb\":{\"@id\":\"https:\\\/\\\/www.groupe-archimbaud.com\\\/it\\\/vocazione\\\/#breadcrumb\"},\"inLanguage\":\"it-IT\",\"potentialAction\":[{\"@type\":\"ReadAction\",\"target\":[\"https:\\\/\\\/www.groupe-archimbaud.com\\\/it\\\/vocazione\\\/\"]}]},{\"@type\":\"ImageObject\",\"inLanguage\":\"it-IT\",\"@id\":\"https:\\\/\\\/www.groupe-archimbaud.com\\\/it\\\/vocazione\\\/#primaryimage\",\"url\":\"https:\\\/\\\/www.groupe-archimbaud.com\\\/wp-content\\\/uploads\\\/2021\\\/01\\\/fonds-archimbaud.jpg\",\"contentUrl\":\"https:\\\/\\\/www.groupe-archimbaud.com\\\/wp-content\\\/uploads\\\/2021\\\/01\\\/fonds-archimbaud.jpg\",\"width\":730,\"height\":730},{\"@type\":\"BreadcrumbList\",\"@id\":\"https:\\\/\\\/www.groupe-archimbaud.com\\\/it\\\/vocazione\\\/#breadcrumb\",\"itemListElement\":[{\"@type\":\"ListItem\",\"position\":1,\"name\":\"Accueil\",\"item\":\"https:\\\/\\\/www.groupe-archimbaud.com\\\/it\\\/\"},{\"@type\":\"ListItem\",\"position\":2,\"name\":\"Vocazione\"}]},{\"@type\":\"WebSite\",\"@id\":\"https:\\\/\\\/www.groupe-archimbaud.com\\\/it\\\/#website\",\"url\":\"https:\\\/\\\/www.groupe-archimbaud.com\\\/it\\\/\",\"name\":\"Archimbaud\",\"description\":\"\",\"potentialAction\":[{\"@type\":\"SearchAction\",\"target\":{\"@type\":\"EntryPoint\",\"urlTemplate\":\"https:\\\/\\\/www.groupe-archimbaud.com\\\/it\\\/?s={search_term_string}\"},\"query-input\":{\"@type\":\"PropertyValueSpecification\",\"valueRequired\":true,\"valueName\":\"search_term_string\"}}],\"inLanguage\":\"it-IT\"}]}<\/script>\n<!-- \/ Yoast SEO plugin. -->","yoast_head_json":{"title":"Vocazione - Archimbaud","robots":{"index":"index","follow":"follow","max-snippet":"max-snippet:-1","max-image-preview":"max-image-preview:large","max-video-preview":"max-video-preview:-1"},"canonical":"https:\/\/www.groupe-archimbaud.com\/it\/vocazione\/","og_locale":"it_IT","og_type":"article","og_title":"Vocazione - Archimbaud","og_description":"MISSIONE ECONOMICA DAL FONDO Il Fondo Archimbaud pour l&#8217;Homme et la For\u00eat e una delle prime fondazioni di azionisti francesi. Proprietaria dal 10% del gruppo Archimbaud in 2016, poseda oggi 25% e diventar\u00e0, a termine, su azionista maggiore \u00e0 pi\u00f9 dal 70%. Protezione dall&#8217;impresa Grazie a un azionista stabile e di lungo periodo &#8211; un [&hellip;]","og_url":"https:\/\/www.groupe-archimbaud.com\/it\/vocazione\/","og_site_name":"Archimbaud","article_modified_time":"2023-01-23T13:09:12+00:00","og_image":[{"width":730,"height":730,"url":"https:\/\/www.groupe-archimbaud.com\/wp-content\/uploads\/2021\/01\/fonds-archimbaud.jpg","type":"image\/jpeg"}],"twitter_card":"summary_large_image","schema":{"@context":"https:\/\/schema.org","@graph":[{"@type":"WebPage","@id":"https:\/\/www.groupe-archimbaud.com\/it\/vocazione\/","url":"https:\/\/www.groupe-archimbaud.com\/it\/vocazione\/","name":"Vocazione - Archimbaud","isPartOf":{"@id":"https:\/\/www.groupe-archimbaud.com\/it\/#website"},"primaryImageOfPage":{"@id":"https:\/\/www.groupe-archimbaud.com\/it\/vocazione\/#primaryimage"},"image":{"@id":"https:\/\/www.groupe-archimbaud.com\/it\/vocazione\/#primaryimage"},"thumbnailUrl":"https:\/\/www.groupe-archimbaud.com\/wp-content\/uploads\/2021\/01\/fonds-archimbaud.jpg","datePublished":"2022-09-30T08:51:37+00:00","dateModified":"2023-01-23T13:09:12+00:00","breadcrumb":{"@id":"https:\/\/www.groupe-archimbaud.com\/it\/vocazione\/#breadcrumb"},"inLanguage":"it-IT","potentialAction":[{"@type":"ReadAction","target":["https:\/\/www.groupe-archimbaud.com\/it\/vocazione\/"]}]},{"@type":"ImageObject","inLanguage":"it-IT","@id":"https:\/\/www.groupe-archimbaud.com\/it\/vocazione\/#primaryimage","url":"https:\/\/www.groupe-archimbaud.com\/wp-content\/uploads\/2021\/01\/fonds-archimbaud.jpg","contentUrl":"https:\/\/www.groupe-archimbaud.com\/wp-content\/uploads\/2021\/01\/fonds-archimbaud.jpg","width":730,"height":730},{"@type":"BreadcrumbList","@id":"https:\/\/www.groupe-archimbaud.com\/it\/vocazione\/#breadcrumb","itemListElement":[{"@type":"ListItem","position":1,"name":"Accueil","item":"https:\/\/www.groupe-archimbaud.com\/it\/"},{"@type":"ListItem","position":2,"name":"Vocazione"}]},{"@type":"WebSite","@id":"https:\/\/www.groupe-archimbaud.com\/it\/#website","url":"https:\/\/www.groupe-archimbaud.com\/it\/","name":"Archimbaud","description":"","potentialAction":[{"@type":"SearchAction","target":{"@type":"EntryPoint","urlTemplate":"https:\/\/www.groupe-archimbaud.com\/it\/?s={search_term_string}"},"query-input":{"@type":"PropertyValueSpecification","valueRequired":true,"valueName":"search_term_string"}}],"inLanguage":"it-IT"}]}},"_links":{"self":[{"href":"https:\/\/www.groupe-archimbaud.com\/it\/wp-json\/wp\/v2\/pages\/2115","targetHints":{"allow":["GET"]}}],"collection":[{"href":"https:\/\/www.groupe-archimbaud.com\/it\/wp-json\/wp\/v2\/pages"}],"about":[{"href":"https:\/\/www.groupe-archimbaud.com\/it\/wp-json\/wp\/v2\/types\/page"}],"author":[{"embeddable":true,"href":"https:\/\/www.groupe-archimbaud.com\/it\/wp-json\/wp\/v2\/users\/1"}],"replies":[{"embeddable":true,"href":"https:\/\/www.groupe-archimbaud.com\/it\/wp-json\/wp\/v2\/comments?post=2115"}],"version-history":[{"count":3,"href":"https:\/\/www.groupe-archimbaud.com\/it\/wp-json\/wp\/v2\/pages\/2115\/revisions"}],"predecessor-version":[{"id":2316,"href":"https:\/\/www.groupe-archimbaud.com\/it\/wp-json\/wp\/v2\/pages\/2115\/revisions\/2316"}],"wp:featuredmedia":[{"embeddable":true,"href":"https:\/\/www.groupe-archimbaud.com\/it\/wp-json\/wp\/v2\/media\/1641"}],"wp:attachment":[{"href":"https:\/\/www.groupe-archimbaud.com\/it\/wp-json\/wp\/v2\/media?parent=2115"}],"curies":[{"name":"wp","href":"https:\/\/api.w.org\/{rel}","templated":true}]}}

<img decoding="async" src="https://www.groupe-archimbaud.com/wp-content/uploads/2021/02/tron-arbre.jpg" alt="tron-arbre" itemprop="image" height="933" width="700" title="tron-arbre" onerror="this.style.display='none'"  />
	<p>MISSIONE ECONOMICA DAL FONDO</p>
<p>Il Fondo Archimbaud pour l&#8217;Homme et la Forêt e una delle prime fondazioni di azionisti francesi. Proprietaria dal 10% del gruppo Archimbaud in 2016, poseda oggi 25% e diventarà, a termine, su azionista maggiore à più dal 70%.</p>
	<p>Protezione dall&#8217;impresa</p>
<p>Grazie a un azionista stabile e di lungo periodo &#8211; un fondo di dotazione non può essere riscattato &#8211; il <a href="https://www.fonds-archimbaud.org/" target="_blank" rel="noopener">Fondo Archimbaud</a> conttribuisce alla sostenibilità dell&#8217;impresa.</p>
<p>Governanza</p>
<p>Come azionista maggiore, il fondo è direttamente associato alla governanza dell&#8217;impresa e diventarà inevitable nel processo decisionale strategico.</p>
<p>Valori</p>
<p>Ricevendo titoli dell&#8217;impresa in un modo irrevocabile e inalienabile, il fondo di dotazione diventa nel tempo, il custode dei valori fondatrici e del modello di sviluppo responsabile.</p>
	<p>Missione filantropica dal fondo </p>
<p>Il Fondo Archimbaud da al suo impiegamento filantropico una dimensione d&#8217;innovazione locale e di co-costruzione, con un duplice scopo d&#8217;impatto sociale e ambientale.</p>
<p>Grazie ai dividendi ricevuti dalla società di cui è azionista, e a ogni forma di reddito possibile, (mecenatismo aziendale, donazioni/lasciti di appezzamenti, donazioni/lasciti di titoli d&#8217;altre imprese, &#8230;), sostiene progetti di interesse generale.</p>
			<a href="https://www.groupe-archimbaud.com/it/progetti/" target="_self" role="button" rel="noopener">
							SCOPRIRE I PROGETTI
					</a>
	Intrecciare e sviluppare legami durabili tra l&#8217;umano, gli alberi e la foresta, a livello locale, nazionale e persino internazionale.<br />

	Accompagnare le iniziative di interesse generale che rafforzano il legame tra l&#8217;umano, l&#8217;albero e il loro ambiente.<br />

	Favorire l&#8217;emergere di nuovi modelli di preservazione e d&#8217;integrazione delle risorse silvicolturale, forestali e agroforestali.<br />

	<p>CHE COS&#8217;È UN FONDO DI DOTAZIONE?</p>
<p><em>« Un fondo di dotazione e un soggetto giuridico di diritto privato, senza scopo di lucro, che riceve e gestisce, capitalizzandoli, beni, diritti di qualsiasi forma che gli sono conferiti gratuitamente e irrevocabilmente, e utilizza i redditi della capitalizzazione per realizzare una opera o una missione d&#8217;interesse generale&#8221;</em> (Legge sulla modernizzazione dell&#8217;Economia, agosto 2008).</p>
	<p>CHE COS&#8217;É UNA FONDAZIONE AZIONISTA?</p>
<p>Fondazione o struttura assimilata che detiene in tutto o in parte il capitale e il diritto al voto di una impresa commerciale. Questo nome generico si traduce secondo i paesi da diversi possibili stati giuridici (fondazione, FRUP: Fondazione Riconosciuta d&#8217;Utilità Pubblica, fondo di dotazione, fondo di sostenibilità). La fondazione azionista riempe nello stesso tempo una missione economica (variabile secondo le resonsabilità che gli sono assegnate) e una missione filantropica finanziata principalmente dai dividendi della società di cui detiene il capitale.</p>
	<p><strong>SCOPRITE LA DINAMICA EUROPEA A FAVORE DELLE FONDAZIONI AZIONISTI :</strong></p>
				<a href="https://prophil.eu/de-facto/" target="_blank" rel="noopener" itemprop="url">
				<img decoding="async" src="https://www.groupe-archimbaud.com/wp-content/uploads/2021/01/defacto.png" alt="defacto" itemprop="image" height="149" width="339" title="defacto" onerror="this.style.display='none'"  />
				</a>
			<a href="https://www.groupe-archimbaud.com/contacter-le-fond/" target="_self" role="button" rel="noopener">
							Contattare il fondo Archimbaud
					</a>
	<iframe allowfullscreen allow="autoplay" data-src="https://www.youtube.com/embed/fkprlAe0Dek?feature=oembed&amp;start&amp;end&amp;wmode=opaque&amp;loop=0&amp;controls=1&amp;mute=0&amp;rel=0&amp;modestbranding=0"></iframe>		
					Play Video

<p>MISSIONE ECONOMICA DAL FONDO Il Fondo Archimbaud pour l&#8217;Homme et la Forêt e una delle prime fondazioni di azionisti francesi. Proprietaria dal 10% del gruppo Archimbaud in 2016, poseda oggi 25% e diventarà, a termine, su azionista maggiore à più dal 70%. Protezione dall&#8217;impresa Grazie a un azionista stabile e di lungo periodo &#8211; un [&hellip;]</p>

<!-- This site is optimized with the Yoast SEO plugin v27.5 - https://yoast.com/product/yoast-seo-wordpress/ -->
<title>Vocazione - Archimbaud</title>
<meta name="robots" content="index, follow, max-snippet:-1, max-image-preview:large, max-video-preview:-1" />
<link rel="canonical" href="https://www.groupe-archimbaud.com/it/vocazione/" />
<meta property="og:locale" content="it_IT" />
<meta property="og:type" content="article" />
<meta property="og:title" content="Vocazione - Archimbaud" />
<meta property="og:description" content="MISSIONE ECONOMICA DAL FONDO Il Fondo Archimbaud pour l&#8217;Homme et la Forêt e una delle prime fondazioni di azionisti francesi. Proprietaria dal 10% del gruppo Archimbaud in 2016, poseda oggi 25% e diventarà, a termine, su azionista maggiore à più dal 70%. Protezione dall&#8217;impresa Grazie a un azionista stabile e di lungo periodo &#8211; un [&hellip;]" />
<meta property="og:url" content="https://www.groupe-archimbaud.com/it/vocazione/" />
<meta property="og:site_name" content="Archimbaud" />
<meta property="article:modified_time" content="2023-01-23T13:09:12+00:00" />
<meta property="og:image" content="https://www.groupe-archimbaud.com/wp-content/uploads/2021/01/fonds-archimbaud.jpg" />
	<meta property="og:image:width" content="730" />
	<meta property="og:image:height" content="730" />
	<meta property="og:image:type" content="image/jpeg" />
<meta name="twitter:card" content="summary_large_image" />
<script type="application/ld+json" class="yoast-schema-graph">{"@context":"https:\/\/schema.org","@graph":[{"@type":"WebPage","@id":"https:\/\/www.groupe-archimbaud.com\/it\/vocazione\/","url":"https:\/\/www.groupe-archimbaud.com\/it\/vocazione\/","name":"Vocazione - Archimbaud","isPartOf":{"@id":"https:\/\/www.groupe-archimbaud.com\/it\/#website"},"primaryImageOfPage":{"@id":"https:\/\/www.groupe-archimbaud.com\/it\/vocazione\/#primaryimage"},"image":{"@id":"https:\/\/www.groupe-archimbaud.com\/it\/vocazione\/#primaryimage"},"thumbnailUrl":"https:\/\/www.groupe-archimbaud.com\/wp-content\/uploads\/2021\/01\/fonds-archimbaud.jpg","datePublished":"2022-09-30T08:51:37+00:00","dateModified":"2023-01-23T13:09:12+00:00","breadcrumb":{"@id":"https:\/\/www.groupe-archimbaud.com\/it\/vocazione\/#breadcrumb"},"inLanguage":"it-IT","potentialAction":[{"@type":"ReadAction","target":["https:\/\/www.groupe-archimbaud.com\/it\/vocazione\/"]}]},{"@type":"ImageObject","inLanguage":"it-IT","@id":"https:\/\/www.groupe-archimbaud.com\/it\/vocazione\/#primaryimage","url":"https:\/\/www.groupe-archimbaud.com\/wp-content\/uploads\/2021\/01\/fonds-archimbaud.jpg","contentUrl":"https:\/\/www.groupe-archimbaud.com\/wp-content\/uploads\/2021\/01\/fonds-archimbaud.jpg","width":730,"height":730},{"@type":"BreadcrumbList","@id":"https:\/\/www.groupe-archimbaud.com\/it\/vocazione\/#breadcrumb","itemListElement":[{"@type":"ListItem","position":1,"name":"Accueil","item":"https:\/\/www.groupe-archimbaud.com\/it\/"},{"@type":"ListItem","position":2,"name":"Vocazione"}]},{"@type":"WebSite","@id":"https:\/\/www.groupe-archimbaud.com\/it\/#website","url":"https:\/\/www.groupe-archimbaud.com\/it\/","name":"Archimbaud","description":"","potentialAction":[{"@type":"SearchAction","target":{"@type":"EntryPoint","urlTemplate":"https:\/\/www.groupe-archimbaud.com\/it\/?s={search_term_string}"},"query-input":{"@type":"PropertyValueSpecification","valueRequired":true,"valueName":"search_term_string"}}],"inLanguage":"it-IT"}]}</script>
<!-- / Yoast SEO plugin. -->

MISSIONE ECONOMICA DAL FONDO Il Fondo Archimbaud pour l&#8217;Homme et la Forêt e una delle prime fondazioni di azionisti francesi. Proprietaria dal 10% del gruppo Archimbaud in 2016, poseda oggi 25% e diventarà, a termine, su azionista maggiore à più dal 70%. Protezione dall&#8217;impresa Grazie a un azionista stabile e di lungo periodo &#8211; un [&hellip;]
